[INFO] cloning repository https://github.com/RamakrishnaChilaka/NESEmulator
[INFO] running `Command { std: "git" "-c" "credential.helper=" "-c" "credential.helper=/workspace/cargo-home/bin/git-credential-null" "clone" "--bare" "https://github.com/RamakrishnaChilaka/NESEmulator" "/workspace/cache/git-repos/https%3A%2F%2Fgithub.com%2FRamakrishnaChilaka%2FNESEmulator", kill_on_drop: false }`
[INFO] [stderr] Cloning into bare repository '/workspace/cache/git-repos/https%3A%2F%2Fgithub.com%2FRamakrishnaChilaka%2FNESEmulator'...
[INFO] running `Command { std: "git" "rev-parse" "HEAD", kill_on_drop: false }`
[INFO] [stdout] 711fb9c0da8b62138d647506e7ff802abcc9cdfd
[INFO] checking RamakrishnaChilaka/NESEmulator against master#9610dfe5a9a731ced1ea4923ecbd0c57fe367898 for beta-170-4
[INFO] running `Command { std: "git" "clone" "/workspace/cache/git-repos/https%3A%2F%2Fgithub.com%2FRamakrishnaChilaka%2FNESEmulator" "/workspace/builds/worker-5-tc1/source", kill_on_drop: false }`
[INFO] [stderr] Cloning into '/workspace/builds/worker-5-tc1/source'...
[INFO] [stderr] done.
[INFO] validating manifest of git repo https://github.com/RamakrishnaChilaka/NESEmulator on toolchain 9610dfe5a9a731ced1ea4923ecbd0c57fe367898
[INFO] running `Command { std: CARGO_HOME="/workspace/cargo-home" RUSTUP_HOME="/workspace/rustup-home" "/workspace/cargo-home/bin/cargo" "+9610dfe5a9a731ced1ea4923ecbd0c57fe367898" "metadata" "--manifest-path" "Cargo.toml" "--no-deps", kill_on_drop: false }`
[INFO] started tweaking git repo https://github.com/RamakrishnaChilaka/NESEmulator
[INFO] finished tweaking git repo https://github.com/RamakrishnaChilaka/NESEmulator
[INFO] tweaked toml for git repo https://github.com/RamakrishnaChilaka/NESEmulator written to /workspace/builds/worker-5-tc1/source/Cargo.toml
[INFO] crate git repo https://github.com/RamakrishnaChilaka/NESEmulator already has a lockfile, it will not be regenerated
[INFO] running `Command { std: CARGO_HOME="/workspace/cargo-home" RUSTUP_HOME="/workspace/rustup-home" "/workspace/cargo-home/bin/cargo" "+9610dfe5a9a731ced1ea4923ecbd0c57fe367898" "fetch" "--manifest-path" "Cargo.toml", kill_on_drop: false }`
[INFO] running `Command { std: "docker" "create" "-v" "/var/lib/crater-agent-workspace/builds/worker-5-tc1/target:/opt/rustwide/target:rw,Z" "-v" "/var/lib/crater-agent-workspace/builds/worker-5-tc1/source:/opt/rustwide/workdir:ro,Z" "-v" "/var/lib/crater-agent-workspace/cargo-home:/opt/rustwide/cargo-home:ro,Z" "-v" "/var/lib/crater-agent-workspace/rustup-home:/opt/rustwide/rustup-home:ro,Z" "-e" "SOURCE_DIR=/opt/rustwide/workdir" "-e" "CARGO_TARGET_DIR=/opt/rustwide/target" "-e" "CARGO_HOME=/opt/rustwide/cargo-home" "-e" "RUSTUP_HOME=/opt/rustwide/rustup-home" "-w" "/opt/rustwide/workdir" "-m" "1610612736" "--user" "0:0" "--network" "none" "ghcr.io/rust-lang/crates-build-env/linux@sha256:19e73879b68f455e41552ea35293514db52ea292d993f571636dbffedb77a1ee" "/opt/rustwide/cargo-home/bin/cargo" "+9610dfe5a9a731ced1ea4923ecbd0c57fe367898" "metadata" "--no-deps" "--format-version=1", kill_on_drop: false }`
[INFO] [stdout] 20f9d8c75bc4f7e043d412807f3dd12fb5b411b87d485d90d883b487168aba26
[INFO] running `Command { std: "docker" "start" "-a" "20f9d8c75bc4f7e043d412807f3dd12fb5b411b87d485d90d883b487168aba26", kill_on_drop: false }`
[INFO] running `Command { std: "docker" "inspect" "20f9d8c75bc4f7e043d412807f3dd12fb5b411b87d485d90d883b487168aba26", kill_on_drop: false }`
[INFO] running `Command { std: "docker" "rm" "-f" "20f9d8c75bc4f7e043d412807f3dd12fb5b411b87d485d90d883b487168aba26", kill_on_drop: false }`
[INFO] [stdout] 20f9d8c75bc4f7e043d412807f3dd12fb5b411b87d485d90d883b487168aba26
[INFO] running `Command { std: "docker" "create" "-v" "/var/lib/crater-agent-workspace/builds/worker-5-tc1/target:/opt/rustwide/target:rw,Z" "-v" "/var/lib/crater-agent-workspace/builds/worker-5-tc1/source:/opt/rustwide/workdir:ro,Z" "-v" "/var/lib/crater-agent-workspace/cargo-home:/opt/rustwide/cargo-home:ro,Z" "-v" "/var/lib/crater-agent-workspace/rustup-home:/opt/rustwide/rustup-home:ro,Z" "-e" "SOURCE_DIR=/opt/rustwide/workdir" "-e" "CARGO_TARGET_DIR=/opt/rustwide/target" "-e" "CARGO_INCREMENTAL=0" "-e" "RUST_BACKTRACE=full" "-e" "RUSTFLAGS=--cap-lints=forbid" "-e" "RUSTDOCFLAGS=--cap-lints=forbid" "-e" "CARGO_HOME=/opt/rustwide/cargo-home" "-e" "RUSTUP_HOME=/opt/rustwide/rustup-home" "-w" "/opt/rustwide/workdir" "-m" "1610612736" "--user" "0:0" "--network" "none" "ghcr.io/rust-lang/crates-build-env/linux@sha256:19e73879b68f455e41552ea35293514db52ea292d993f571636dbffedb77a1ee" "/opt/rustwide/cargo-home/bin/cargo" "+9610dfe5a9a731ced1ea4923ecbd0c57fe367898" "check" "--frozen" "--all" "--all-targets" "--message-format=json", kill_on_drop: false }`
[INFO] [stdout] bd80001f0e1f4c1b9881dd2c0f2e51275608606ad89ca55f94df6d28392bbe38
[INFO] running `Command { std: "docker" "start" "-a" "bd80001f0e1f4c1b9881dd2c0f2e51275608606ad89ca55f94df6d28392bbe38", kill_on_drop: false }`
[INFO] [stderr]     Checking nes_dev v0.1.0 (/opt/rustwide/workdir)
[INFO] [stdout] error[E0425]: cannot find value `pos` in this scope
[INFO] [stdout]   --> src/main.rs:33:24
[INFO] [stdout]    |
[INFO] [stdout] 33 |         self.mem_write(pos, low);
[INFO] [stdout]    |                        ^^^ not found in this scope
[INFO] [stdout] 
[INFO] [stdout] 
[INFO] [stdout] error[E0425]: cannot find value `pos` in this scope
[INFO] [stdout]   --> src/main.rs:33:24
[INFO] [stdout]    |
[INFO] [stdout] 33 |         self.mem_write(pos, low);
[INFO] [stdout]    |                        ^^^ not found in this scope
[INFO] [stdout] 
[INFO] [stdout] 
[INFO] [stdout] error[E0425]: cannot find value `pos` in this scope
[INFO] [stdout]   --> src/main.rs:34:24
[INFO] [stdout]    |
[INFO] [stdout] 34 |         self.mem_write(pos + 1, high);
[INFO] [stdout]    |                        ^^^ not found in this scope
[INFO] [stdout] 
[INFO] [stdout] 
[INFO] [stdout] error[E0425]: cannot find value `pos` in this scope
[INFO] [stdout]   --> src/main.rs:34:24
[INFO] [stdout]    |
[INFO] [stdout] 34 |         self.mem_write(pos + 1, high);
[INFO] [stdout]    |                        ^^^ not found in this scope
[INFO] [stdout] 
[INFO] [stdout] 
[INFO] [stdout] error[E0425]: cannot find value `program` in this scope
[INFO] [stdout]   --> src/main.rs:96:33
[INFO] [stdout]    |
[INFO] [stdout] 96 |                     let param = program[self.program_counter as usize]; // fetch argument
[INFO] [stdout]    |                                 ^^^^^^^ not found in this scope
[INFO] [stdout] 
[INFO] [stdout] 
[INFO] [stdout] error[E0425]: cannot find value `program` in this scope
[INFO] [stdout]   --> src/main.rs:96:33
[INFO] [stdout]    |
[INFO] [stdout] 96 |                     let param = program[self.program_counter as usize]; // fetch argument
[INFO] [stdout]    |                                 ^^^^^^^ not found in this scope
[INFO] [stdout] 
[INFO] [stdout] 
[INFO] [stdout] error[E0308]: mismatched types
[INFO] [stdout]   --> src/main.rs:26:39
[INFO] [stdout]    |
[INFO] [stdout] 26 |         let high = self.memory[addr + 1 as usize] as u16;
[INFO] [stdout]    |                                       ^^^^^^^^^^ expected `u16`, found `usize`
[INFO] [stdout] 
[INFO] [stdout] 
[INFO] [stdout] error[E0308]: mismatched types
[INFO] [stdout]   --> src/main.rs:26:39
[INFO] [stdout]    |
[INFO] [stdout] 26 |         let high = self.memory[addr + 1 as usize] as u16;
[INFO] [stdout]    |                                       ^^^^^^^^^^ expected `u16`, found `usize`
[INFO] [stdout] 
[INFO] [stdout] 
[INFO] [stdout] error[E0277]: cannot add `usize` to `u16`
[INFO] [stdout]   --> src/main.rs:26:37
[INFO] [stdout]    |
[INFO] [stdout] 26 |         let high = self.memory[addr + 1 as usize] as u16;
[INFO] [stdout]    |                                     ^ no implementation for `u16 + usize`
[INFO] [stdout]    |
[INFO] [stdout]    = help: the trait `Add<usize>` is not implemented for `u16`
[INFO] [stdout]    = help: the following other types implement trait `Add<Rhs>`:
[INFO] [stdout]              <&'a u16 as Add<u16>>
[INFO] [stdout]              <&u16 as Add<&u16>>
[INFO] [stdout]              <u16 as Add<&u16>>
[INFO] [stdout]              <u16 as Add>
[INFO] [stdout] 
[INFO] [stdout] 
[INFO] [stdout] error[E0277]: cannot add `usize` to `u16`
[INFO] [stdout]   --> src/main.rs:26:37
[INFO] [stdout]    |
[INFO] [stdout] 26 |         let high = self.memory[addr + 1 as usize] as u16;
[INFO] [stdout]    |                                     ^ no implementation for `u16 + usize`
[INFO] [stdout]    |
[INFO] [stdout]    = help: the trait `Add<usize>` is not implemented for `u16`
[INFO] [stdout]    = help: the following other types implement trait `Add<Rhs>`:
[INFO] [stdout]              <&'a u16 as Add<u16>>
[INFO] [stdout]              <&u16 as Add<&u16>>
[INFO] [stdout]              <u16 as Add<&u16>>
[INFO] [stdout]              <u16 as Add>
[INFO] [stdout] 
[INFO] [stdout] 
[INFO] [stdout] error[E0277]: the type `[u8]` cannot be indexed by `u16`
[INFO] [stdout]   --> src/main.rs:26:32
[INFO] [stdout]    |
[INFO] [stdout] 26 |         let high = self.memory[addr + 1 as usize] as u16;
[INFO] [stdout]    |                                ^^^^^^^^^^^^^^^^^ slice indices are of type `usize` or ranges of `usize`
[INFO] [stdout]    |
[INFO] [stdout]    = help: the trait `SliceIndex<[u8]>` is not implemented for `u16`
[INFO] [stdout]    = help: the trait `SliceIndex<[T]>` is implemented for `usize`
[INFO] [stdout]    = note: required for `[u8]` to implement `Index<u16>`
[INFO] [stdout] 
[INFO] [stdout] 
[INFO] [stdout] error[E0277]: the type `[u8]` cannot be indexed by `u16`
[INFO] [stdout]   --> src/main.rs:26:32
[INFO] [stdout]    |
[INFO] [stdout] 26 |         let high = self.memory[addr + 1 as usize] as u16;
[INFO] [stdout]    |                                ^^^^^^^^^^^^^^^^^ slice indices are of type `usize` or ranges of `usize`
[INFO] [stdout]    |
[INFO] [stdout]    = help: the trait `SliceIndex<[u8]>` is not implemented for `u16`
[INFO] [stdout]    = help: the trait `SliceIndex<[T]>` is implemented for `usize`
[INFO] [stdout]    = note: required for `[u8]` to implement `Index<u16>`
[INFO] [stdout] 
[INFO] [stdout] 
[INFO] [stdout] error: aborting due to 6 previous errors
[INFO] [stdout] 
[INFO] [stdout] 
[INFO] [stdout] Some errors have detailed explanations: E0277, E0308, E0425.
[INFO] [stdout] 
[INFO] [stdout] For more information about an error, try `rustc --explain E0277`.
[INFO] [stdout] 
[INFO] [stdout] error: aborting due to 6 previous errors
[INFO] [stdout] 
[INFO] [stdout] 
[INFO] [stdout] Some errors have detailed explanations: E0277, E0308, E0425.
[INFO] [stdout] 
[INFO] [stdout] For more information about an error, try `rustc --explain E0277`.
[INFO] [stdout] 
[INFO] [stderr] error: could not compile `nes_dev` (bin "nes_dev" test) due to 7 previous errors
[INFO] [stderr] warning: build failed, waiting for other jobs to finish...
[INFO] [stderr] error: could not compile `nes_dev` (bin "nes_dev") due to 7 previous errors
[INFO] running `Command { std: "docker" "inspect" "bd80001f0e1f4c1b9881dd2c0f2e51275608606ad89ca55f94df6d28392bbe38", kill_on_drop: false }`
[INFO] running `Command { std: "docker" "rm" "-f" "bd80001f0e1f4c1b9881dd2c0f2e51275608606ad89ca55f94df6d28392bbe38", kill_on_drop: false }`
[INFO] [stdout] bd80001f0e1f4c1b9881dd2c0f2e51275608606ad89ca55f94df6d28392bbe38
